{"id":132,"date":"2013-08-18T13:39:01","date_gmt":"2013-08-18T11:39:01","guid":{"rendered":"http:\/\/erlebnis-team.com\/?page_id=132"},"modified":"2016-04-28T17:24:08","modified_gmt":"2016-04-28T15:24:08","slug":"erlebnispaedagogische-massnahmen","status":"publish","type":"page","link":"http:\/\/erlebnis-team.com\/?page_id=132","title":{"rendered":"Mut tut Gut"},"content":{"rendered":"<p>Mut tut Gut<\/p>\n<p>Was ist das?<\/p>\n<p>Es ist ein Pr\u00e4ventionsprogramm des&#8220; Em-Jug&#8220; f\u00fcr Kinder von 5-10 Jahren<\/p>\n<p>Ein wichtiger Baustein in der Gewaltpr\u00e4vention ist Selbstbewusstsein und Selbstwertgef\u00fchl. Durch Selbstbewusstsein und Selbstwertgef\u00fchl, kann sich ein Kind<strong> viel besser entfalten<\/strong> und entwickeln, seine Ziele erreichen und ein gl\u00fcckliches und erfolgreiches Leben f\u00fchren. Fehlendes Selbstbewusstsein und mangelhaftes Selbstwertgef\u00fchl k\u00f6nnen zu schlechten Leistungen in der Schule, Perspektivlosigkeit, und Isolation (Au\u00dfenseiter\/in) f\u00fchren. Kinder k\u00f6nnen dadurch eher Opfer von unterschiedlichen Gewalttaten (wie Erpressung, Mobbing, K\u00f6rperverletzung etc.) werden.<\/p>\n<p>Unsere Gewaltpr\u00e4vention f\u00f6rdert alle Kinder, unter anderem wird das Selbstbewusstsein und Selbstwertgef\u00fchl gest\u00e4rkt. Die Kinder lernen, sich nicht in gef\u00e4hrliche Situationen zu bringen, Konfliktsituationen erfolgreich zu bew\u00e4ltigen, wegen Hilfe und Unterst\u00fctzung anzusprechen und ihr Leben gewaltfrei zu gestalten. Durch Gewaltpr\u00e4vention werden Kinder <strong>weder Opfer noch T\u00e4ter von Gewalttaten<\/strong>.<\/p>\n<p>Mut tut gut wird heute als <strong>Einzeltraining <\/strong>f\u00fcr eine Vorschulkindergruppe, als <strong>Stufenprojekte<\/strong>\u00a0 oder als <strong>Schulprojekte<\/strong> f\u00fcr alle Kinder einer Schule durchgef\u00fchrt.<\/p>\n<p>Wenn Sie noch mehr \u00fcber Mut tut Gut erfahren m\u00f6chten,<\/p>\n<p>dann Kontaktieren Sie mich, oder Informieren Sie sich unter<\/p>\n<p>www.em-jug.de<\/p>\n<p>&nbsp;<\/p>\n","protected":false},"excerpt":{"rendered":"<p>Mut tut Gut Was ist das? Es ist ein Pr\u00e4ventionsprogramm des&#8220; Em-Jug&#8220; f\u00fcr Kinder von 5-10 Jahren Ein wichtiger Baustein in der Gewaltpr\u00e4vention ist Selbstbewusstsein und Selbstwertgef\u00fchl. Durch Selbstbewusstsein und Selbstwertgef\u00fchl, kann sich ein Kind viel besser entfalten und entwickeln, seine Ziele erreichen und ein gl\u00fcckliches und erfolgreiches Leben f\u00fchren. &#8230;<\/p>\n","protected":false},"author":2,"featured_media":0,"parent":0,"menu_order":0,"comment_status":"closed","ping_status":"closed","template":"","meta":[],"_links":{"self":[{"href":"http:\/\/erlebnis-team.com\/index.php?rest_route=\/wp\/v2\/pages\/132"}],"collection":[{"href":"http:\/\/erlebnis-team.com\/index.php?rest_route=\/wp\/v2\/pages"}],"about":[{"href":"http:\/\/erlebnis-team.com\/index.php?rest_route=\/wp\/v2\/types\/page"}],"author":[{"embeddable":true,"href":"http:\/\/erlebnis-team.com\/index.php?rest_route=\/wp\/v2\/users\/2"}],"replies":[{"embeddable":true,"href":"http:\/\/erlebnis-team.com\/index.php?rest_route=%2Fwp%2Fv2%2Fcomments&post=132"}],"version-history":[{"count":6,"href":"http:\/\/erlebnis-team.com\/index.php?rest_route=\/wp\/v2\/pages\/132\/revisions"}],"predecessor-version":[{"id":273,"href":"http:\/\/erlebnis-team.com\/index.php?rest_route=\/wp\/v2\/pages\/132\/revisions\/273"}],"wp:attachment":[{"href":"http:\/\/erlebnis-team.com\/index.php?rest_route=%2Fwp%2Fv2%2Fmedia&parent=132"}],"curies":[{"name":"wp","href":"https:\/\/api.w.org\/{rel}","templated":true}]}}